. Let j be (-2)/g - (-90)/70. What is the highest common factor of 4 and j?
1
Suppose 3*z + 2 - 5 = 0. Let q be (3 - z)*81/6. Calculate the greatest common divisor of q and 216.
27
Let v = 17 - 13. Let f = 2 + v. What is the highest common factor of 24 and f?
6
Let o be (-10)/2 - ((-5 - 33) + 9). Calculate the greatest common divisor of o and 222.
6
Let d be 9/12 + 19/(-4). Suppose -5*h - 15 = 0, -y - 3*h - 14 = 5. Let w be y/4*d/10. Calculate the greatest common divisor of 1 and w.
1
Let a(c) = c**3 + 12*c**2 - 4*c - 1. Let k be a(-12). Calculate the greatest common divisor of k and 517.
47
Suppose 15*a - 20*a + 412 = -4*f, a - 86 = -f. Calculate the greatest common divisor of a and 84.
84
Suppose 0*o + 91 = -7*o. Let w(k) = k**3 + 14*k**2 + 10*k + 12. Let f be w(o). What is the greatest common factor of 34 and f?
17
Suppose 5*s - 69 = 3*s - x, 4*x + 74 = 2*s. Suppose -f - 10 = -y, -y = 3*y - 16. Let u be (-2)/3 + (-34)/f. What is the greatest common factor of s and u?
5
Let p = 24 + -19. Suppose 0 = -3*k - 3*w + 27 + 99, -5*w - 105 = -2*k. What is the greatest common factor of k and p?
5
Let z = 203 + -176. Let x(f) = f + 108. Let p be x(0). What is the greatest common divisor of z and p?
27
Suppose -2*p + 234 = k, 3*k + 348 = 3*p + 1050. Calculate the highest common divisor of 288 and k.
18
Let q be 7/(3*(1 - 74/75)). Calculate the greatest common factor of 210 and q.
35
Let d(n) = 9*n. Let w be d(-1). Let k = 10 + w. Suppose -4*t = -3*t + x - k, -1 = x. What is the highest common divisor of 3 and t?
1
Suppose 0 = -4*y + 82 - 62. Let p be ((20/8)/y)/((-4)/(-288)). Calculate the highest common factor of 9 and p.
9
Let g(l) = -9*l - 6. Let v = 27 + -18. Suppose 3*t + v = -2*z - 3, -3*t + 4*z + 6 = 0. Let k be g(t). Calculate the greatest common divisor of 72 and k.
12
Suppose -2*x - 3*x + 4*f = -412, f = -3*x + 254. Let u be ((-7)/(-2))/((-2)/(-36)). Suppose u + 21 = 4*a. Calculate the highest common factor of a and x.
21
Suppose -30*w = -36*w + 300. Let y(g) = -g**2 - 10*g - 4. Let o be y(-4). What is the greatest common factor of o and w?
10
Let g(s) = -25*s + 35. Let x be g(0). Calculate the greatest common divisor of x and 392.
7
Let b(i) = 38*i**2 - 13*i - 30. Let y be b(-4). Calculate the greatest common factor of y and 36.
18
Suppose y - 3*v + 4 = 0, -y + 0*v + 5*v - 8 = 0. Suppose y*i = -0*k + 2*k + 6, i = 4*k - 12. Calculate the greatest common factor of 64 and i.
8
Suppose 4*v - 1249 = 3*t + 2819, 3040 = 3*v - 5*t. Calculate the highest common factor of v and 120.
60
Suppose 2*j - 75 = -3*j. Let l = 0 + j. What is the greatest common divisor of 3 and l?
3
Let m = -23 - -38. Let g = -105 - -111. What is the greatest common factor of m and g?
3
Suppose 2*j + 4*g - 24 = 0, 4*j + 3 = 2*g + 1. Suppose -c = -2*c - j, d + c = 6. Calculate the highest common factor of 24 and d.
8
Let l(p) = 55*p + 95. Let i be l(-8). Let f = i - -553. What is the greatest common divisor of f and 16?
16
Suppose 33 = 4*v + 13. Let z be -1*v*30/(-50). Suppose -z*o - 4*n + 440 = 0, -2*n - 195 = -2*o + 89. Calculate the highest common factor of 16 and o.
16
Suppose -2*h - 5*d = -1, -5*h + h + 15 = -3*d. Suppose 0*b = -h*b + 18. Let t be b*2/(-4)*-11. Calculate the greatest common factor of t and 3.
3
Let g(t) = 3 + 8*t - 26*t - 28*t**2 + 12*t**2 + 15*t**2. Let y be g(-13). Calculate the highest common factor of 17 and y.
17
Suppose 4*n - 18 = -14. Let k be -11*(1 + n)*(-9)/18. Calculate the highest common factor of k and 11.
11
Suppose 12 = 3*c - 3, 4*r - 3*c = -31. Let f = r + 12. Let l = f + 15. Calculate the greatest common factor of 23 and l.
23
Suppose 0 = -12*c + 156*c - 6336. Calculate the greatest common factor of c and 1430.
22
Let i = -7 + 9. Let w(n) = 13 + i*n + 2*n - 5*n - 6*n. Let v be w(-11). What is the greatest common factor of v and 10?
10
Let m be 1740/(-20)*3/(-9). Calculate the highest common divisor of m and 2.
1
Let v(l) = 48*l - 27. Let z be v(1). Suppose -690 = -3*g - 3*m, 2*m = 3*g - m - 696. What is the greatest common factor of g and z?
21
Let u = -34 - -42. Let p be 15*6*5/45. Let g be 0 + p/(-25)*-5. What is the highest common factor of u and g?
2
Let z be -1 - (-4 + -3 - 2). Let n be ((-6)/z)/(1/(-28)). Let r = 120 - 57. What is the greatest common factor of n and r?
21
Let k(m) = m**2 - m - 90. Let t be k(15). What is the highest common factor of t and 5?
5
Let m be (18/(-4))/(27/(-90)). Let b(d) = 38*d**2 - d. Let j be b(1). Let s = j - m. Calculate the greatest common divisor of s and 11.
11
Let c = -54 + 66. Calculate the greatest common divisor of 20 and c.
4
Let k(q) = 4*q - 12*q - 5*q**2 - 10 - q**3 + 1. Suppose 4*g + 26 = 10. Let i be k(g). What is the highest common divisor of 14 and i?
7
Let s be 12/(-9)*(-1)/((-32)/(-24)). Calculate the greatest common factor of 71 and s.
1
Let l(b) = b**2 - 34*b + 134. Let g be l(34). Calculate the highest common factor of 201 and g.
67
Let l be 200/(-12)*(-12)/5. Let y(k) be the third derivative of -k**4/24 - 3*k**3/2 + 2*k**2. Let o be y(-13). Calculate the highest common factor of l and o.
4
Let z(g) = -g**2 + 12*g + 2. Let x(k) = 9*k**2 + k. Let h be x(1). Let o be z(h). Calculate the highest common factor of o and 22.
22
Let i(a) = a + 12. Let m be i(-10). Suppose 3*y - m*y - 76 = 0. Let s = -26 + y. Calculate the highest common divisor of 10 and s.
10
Let w be (24/(-16))/(1*(-9)/2208). Let k be 8/10 + 13/(520/w). Calculate the highest common factor of 110 and k.
10
Let t be (-4 + 3)*(-2 + 1). Let g be 3/(6/4) - t. Let j = 10666 + -10663. What is the highest common divisor of j and g?
1
Let n be -32*(15/2)/(-5). Suppose -4*a - 10 = -62. Let q(o) = -o**3 + 14*o**2 - 12*o - 7. Let d be q(a). Calculate the highest common divisor of n and d.
6
Suppose -4 = 4*d - 6*d. Suppose m + d*m - 3*b - 117 = 0, -5*b = -2*m + 63. Calculate the greatest common factor of m and 110.
22
Suppose -17*g + 15*g = -56. Suppose -17 + g = j. Calculate the highest common divisor of j and 33.
11
Let o = 23 + -24. Let k = 26 - o. What is the greatest common divisor of 9 and k?
9
Let l = -30 + 29. Let r be 56/4 + -1 + l. Calculate the greatest common divisor of r and 48.
12
Let k(s) = -2*s**2 + 15*s + 95. Let o(d) = d**2 - 8*d - 48. Let x(r) = -4*k(r) - 7*o(r). Let p be x(10). What is the greatest common divisor of 16 and p?
16
Let y(i) = 3*i**3 - 3*i**2 - 40*i + 38*i + 5 + 9*i**2 - 2*i**3. Let u be y(-6). Suppose -2*l = -u - 33. What is the greatest common factor of l and 10?
5
Let p be (-7)/(-3) + -3 - (-246)/18. What is the highest common divisor of 481 and p?
13
Let t be 23*(4 - (2 + 0)). Suppose -2*v = -5*v + 48. Suppose 0 = r + v - t. What is the highest common factor of r and 15?
15
Suppose 4*n - 114 = -3*s, -2*n - 4*s + 52 = -0*s. Calculate the highest common factor of 246 and n.
6
Suppose 4*y + 3*y = 14. Suppose 0*g - 34 = -y*g + d, 17 = g + 2*d. What is the highest common divisor of g and 68?
17
Suppose 0 = -m - 0*p + 4*p, m = p + 6. Suppose m*g + 57 = 425. Calculate the highest common factor of g and 23.
23
Suppose -16*t + 104 + 1576 = 0. What is the greatest common divisor of 5 and t?
5
Let w(a) = a**3 - 11*a + 8. Let r be w(4). What is the highest common divisor of r and 8?
4
Suppose -5*q + 3*o - 69 + 325 = 0, -2*q + 115 = 3*o. Let g = 76 - q. What is the highest common factor of 1 and g?
1
Suppose 6 = 2*i - 2. Suppose -4*o - 5*m + 22 = 0, 0 = -2*o - i*m + 3 + 11. What is the highest common divisor of o and 24?
3
Let n(c) = -2*c**3 + 6*c**2 - 12*c - 14. Let i be n(6). Let w = i + 457. What is the greatest common divisor of 31 and w?
31
Let x(b) = -23*b + 2. Let m(o) = o - 3. Let w be m(-3). Let z be (-1 - -2) + 3 + w. Let k be x(z). Calculate the greatest common divisor of k and 6.
6
Let u(s) = -4*s + 104. Let i be u(-26). What is the greatest common factor of i and 26?
26
Let l = 389 - 293. Let r(j) = j**2 - j - 6. Let a be r(-5). Calculate the greatest common divisor of a and l.
24
Let v = -1 + -1. Let h be 1/(v/3)*-52. Calculate the highest common factor of h and 52.
26
Suppose 2*l + 2470 = 7*l + 5*c, -5*l + 2440 = -c. Suppose -3*v + 3*z = -l, -2*v - z = -4*v + 327. Calculate the highest common divisor of v and 41.
41
Let z = 3391 + -2885. Calculate the highest common divisor of z and 88.
22
